{"id":966,"date":"2024-12-20T13:15:54","date_gmt":"2024-12-20T13:15:54","guid":{"rendered":"https:\/\/fluxgroup.com.br\/?page_id=966"},"modified":"2024-12-20T13:25:31","modified_gmt":"2024-12-20T13:25:31","slug":"politica-de-privacidade-e-termos-de-uso","status":"publish","type":"page","link":"https:\/\/flux.net.br\/inicio\/politica-de-privacidade-e-termos-de-uso\/","title":{"rendered":"Pol\u00edtica de Privacidade e Termos de Uso"},"content":{"rendered":"<style>.elementor-966 .elementor-element.elementor-element-f213f7f{--display:flex;--flex-direction:column;--container-widget-width:100%;--container-widget-height:initial;--container-widget-flex-grow:0;--container-widget-align-self:initial;--flex-wrap-mobile:wrap;}.elementor-966 .elementor-element.elementor-element-7f5b046{--spacer-size:90px;}.elementor-966 .elementor-element.elementor-element-1d39295{--display:flex;--flex-direction:column;--container-widget-width:100%;--container-widget-height:initial;--container-widget-flex-grow:0;--container-widget-align-self:initial;--flex-wrap-mobile:wrap;}.elementor-966 .elementor-element.elementor-element-b22a107 .elementor-heading-title{font-size:50px;text-transform:none;-webkit-text-stroke-width:0px;stroke-width:0px;-webkit-text-stroke-color:#000;stroke:#000;color:#FFFFFF;}.elementor-966 .elementor-element.elementor-element-8774ffe{--display:flex;--flex-direction:column;--container-widget-width:100%;--container-widget-height:initial;--container-widget-flex-grow:0;--container-widget-align-self:initial;--flex-wrap-mobile:wrap;}.elementor-966 .elementor-element.elementor-element-8774ffe:not(.elementor-motion-effects-element-type-background), .elementor-966 .elementor-element.elementor-element-8774ffe > .elementor-motion-effects-container > .elementor-motion-effects-layer{background-color:#FFFFFF;}<\/style>\t\t<div data-elementor-type=\"wp-page\" data-elementor-id=\"966\" class=\"elementor elementor-966\" data-elementor-post-type=\"page\">\n\t\t\t\t<div class=\"elementor-element elementor-element-f213f7f e-flex e-con-boxed e-con e-parent\" data-id=\"f213f7f\" data-element_type=\"container\" data-e-type=\"container\">\n\t\t\t\t\t<div class=\"e-con-inner\">\n\t\t\t\t<div class=\"elementor-element elementor-element-7f5b046 elementor-widget elementor-widget-spacer\" data-id=\"7f5b046\" data-element_type=\"widget\" data-e-type=\"widget\" data-widget_type=\"spacer.default\">\n\t\t\t\t<div class=\"elementor-widget-container\">\n\t\t\t\t\t\t\t<div class=\"elementor-spacer\">\n\t\t\t<div class=\"elementor-spacer-inner\"><\/div>\n\t\t<\/div>\n\t\t\t\t\t\t<\/div>\n\t\t\t\t<\/div>\n\t\t\t\t\t<\/div>\n\t\t\t\t<\/div>\n\t\t<div class=\"elementor-element elementor-element-1d39295 e-flex e-con-boxed e-con e-parent\" data-id=\"1d39295\" data-element_type=\"container\" data-e-type=\"container\" data-settings=\"{&quot;background_background&quot;:&quot;classic&quot;}\">\n\t\t\t\t\t<div class=\"e-con-inner\">\n\t\t\t\t<div class=\"elementor-element elementor-element-b22a107 elementor-widget elementor-widget-heading\" data-id=\"b22a107\" data-element_type=\"widget\" data-e-type=\"widget\" data-widget_type=\"heading.default\">\n\t\t\t\t<div class=\"elementor-widget-container\">\n\t\t\t\t\t<h2 class=\"elementor-heading-title elementor-size-default\">Pol\u00edtica de Privacidade e Termos de Uso da Flux<\/h2>\t\t\t\t<\/div>\n\t\t\t\t<\/div>\n\t\t\t\t\t<\/div>\n\t\t\t\t<\/div>\n\t\t<div class=\"elementor-element elementor-element-8774ffe e-flex e-con-boxed e-con e-parent\" data-id=\"8774ffe\" data-element_type=\"container\" data-e-type=\"container\" data-settings=\"{&quot;background_background&quot;:&quot;classic&quot;}\">\n\t\t\t\t\t<div class=\"e-con-inner\">\n\t\t\t\t<div class=\"elementor-element elementor-element-cf80db8 elementor-widget elementor-widget-text-editor\" data-id=\"cf80db8\" data-element_type=\"widget\" data-e-type=\"widget\" data-widget_type=\"text-editor.default\">\n\t\t\t\t<div class=\"elementor-widget-container\">\n\t\t\t\t\t\t\t\t\t<p>A sua privacidade \u00e9 importante para n\u00f3s. \u00c9 pol\u00edtica da Flux Tecnologia respeitar a sua privacidade em rela\u00e7\u00e3o a qualquer informa\u00e7\u00e3o sua que possamos coletar no site da Flux Tecnologia e outros sites que possu\u00edmos e operamos.<\/p><p>Solicitamos informa\u00e7\u00f5es pessoais apenas quando realmente precisamos delas para lhe fornecer um servi\u00e7o. Fazemos isso por meios justos e legais, com o seu conhecimento e consentimento. Tamb\u00e9m informamos por que estamos coletando as informa\u00e7\u00f5es e como elas ser\u00e3o usadas.<\/p><p>Apenas retemos as informa\u00e7\u00f5es coletadas pelo tempo necess\u00e1rio para fornecer o servi\u00e7o solicitado. Quando armazenamos dados, protegemos essas informa\u00e7\u00f5es dentro de meios comercialmente aceit\u00e1veis para evitar perdas, roubos, acesso, divulga\u00e7\u00e3o, c\u00f3pia, uso ou modifica\u00e7\u00e3o n\u00e3o autorizados.<\/p><p>N\u00e3o compartilhamos informa\u00e7\u00f5es de identifica\u00e7\u00e3o pessoal publicamente ou com terceiros, exceto quando exigido por lei.<\/p><p>O nosso site pode conter links para sites externos que n\u00e3o s\u00e3o operados por n\u00f3s. Esteja ciente de que n\u00e3o temos controle sobre o conte\u00fado e as pr\u00e1ticas desses sites e n\u00e3o podemos aceitar responsabilidade por suas respectivas pol\u00edticas de privacidade.<\/p><p>Voc\u00ea \u00e9 livre para recusar a nossa solicita\u00e7\u00e3o de informa\u00e7\u00f5es pessoais, entendendo que talvez n\u00e3o possamos fornecer alguns dos servi\u00e7os desejados.<\/p><p>O uso continuado de nosso site ser\u00e1 considerado como aceita\u00e7\u00e3o de nossas pr\u00e1ticas em rela\u00e7\u00e3o \u00e0 privacidade e informa\u00e7\u00f5es pessoais. Se voc\u00ea tiver alguma d\u00favida sobre como lidamos com os dados do usu\u00e1rio e informa\u00e7\u00f5es pessoais, entre em contato conosco.<\/p><p>O servi\u00e7o Google AdSense que usamos para veicular publicidade utiliza um cookie DoubleClick para exibir an\u00fancios mais relevantes em toda a Web e limitar o n\u00famero de vezes que um determinado an\u00fancio \u00e9 mostrado para voc\u00ea.<\/p><p>Para mais informa\u00e7\u00f5es sobre o Google AdSense, consulte as FAQs oficiais sobre privacidade do Google AdSense.<\/p><p>Utilizamos an\u00fancios para compensar os custos de funcionamento deste site e fornecer financiamento para futuros desenvolvimentos. Os cookies de publicidade comportamental usados por este site foram projetados para garantir que voc\u00ea veja an\u00fancios mais relevantes sempre que poss\u00edvel, rastreando anonimamente seus interesses e apresentando conte\u00fados semelhantes que possam ser do seu interesse.<\/p><p>V\u00e1rios parceiros anunciam em nosso nome, e os cookies de rastreamento de afiliados simplesmente nos permitem verificar se nossos clientes acessaram o site por meio de um dos sites de nossos parceiros. Isso nos ajuda a credit\u00e1-los adequadamente e, quando aplic\u00e1vel, permitir que nossos parceiros afiliados ofere\u00e7am promo\u00e7\u00f5es que possam benefici\u00e1-lo ao realizar uma compra.<\/p><p><strong>Compromisso do Usu\u00e1rio<\/strong><\/p><p>O usu\u00e1rio se compromete a fazer uso adequado dos conte\u00fados e das informa\u00e7\u00f5es que a Flux Tecnologia oferece no site e, com car\u00e1ter enunciativo, mas n\u00e3o limitativo:<\/p><p>A) N\u00e3o se envolver em atividades ilegais ou contr\u00e1rias \u00e0 boa f\u00e9 e \u00e0 ordem p\u00fablica;<br \/>B) N\u00e3o difundir propaganda ou conte\u00fado de natureza racista, xenof\u00f3bica, relacionado a jogos de azar, qualquer tipo de pornografia ilegal, apologia ao terrorismo ou contra os direitos humanos;<br \/>C) N\u00e3o causar danos aos sistemas f\u00edsicos (hardware) e l\u00f3gicos (software) da Flux Tecnologia, de seus fornecedores ou terceiros, nem introduzir ou disseminar v\u00edrus ou quaisquer outros sistemas que sejam capazes de causar os danos mencionados anteriormente.<\/p><p><strong>Mais Informa\u00e7\u00f5es<\/strong><\/p><p>Esperamos que esta pol\u00edtica esteja clara. Como mencionado anteriormente, se houver algo que voc\u00ea n\u00e3o tem certeza se precisa ou n\u00e3o, geralmente \u00e9 mais seguro deixar os cookies ativados, caso interaja com algum dos recursos do nosso site.<\/p><p>Esta pol\u00edtica \u00e9 efetiva a partir de 20 de dezembro de 2024.<\/p><p>\u00a0<\/p><h2 id=\"h.bdb6bc6adhzi\">Fale Conosco<\/h2><p>Se ap\u00f3s a leitura deste Aviso de Privacidade voc\u00ea ainda tiver qualquer d\u00favida, ou por qualquer raz\u00e3o precisar se comunicar conosco para assuntos envolvendo os seus dados pessoais, voc\u00ea pode entrar em contato pelos canais abaixo:<\/p><p><strong>0800 100 2500 ou ouvidoria@flux.net.br<\/strong><\/p>\t\t\t\t\t\t\t\t<\/div>\n\t\t\t\t<\/div>\n\t\t\t\t\t<\/div>\n\t\t\t\t<\/div>\n\t\t\t\t<\/div>\n\t\t","protected":false},"excerpt":{"rendered":"<p>Pol\u00edtica de Privacidade e Termos de Uso da Flux A sua privacidade \u00e9 importante para n\u00f3s. \u00c9 pol\u00edtica da Flux Tecnologia respeitar a sua privacidade em rela\u00e7\u00e3o a qualquer informa\u00e7\u00e3o sua que possamos coletar no site da Flux Tecnologia e outros sites que possu\u00edmos e operamos. Solicitamos informa\u00e7\u00f5es pessoais apenas quando realmente precisamos delas para [&hellip;]<\/p>\n","protected":false},"author":1,"featured_media":0,"parent":0,"menu_order":0,"comment_status":"closed","ping_status":"closed","template":"elementor_header_footer","meta":{"footnotes":""},"class_list":["post-966","page","type-page","status-publish","hentry"],"_links":{"self":[{"href":"https:\/\/flux.net.br\/inicio\/wp-json\/wp\/v2\/pages\/966","targetHints":{"allow":["GET"]}}],"collection":[{"href":"https:\/\/flux.net.br\/inicio\/wp-json\/wp\/v2\/pages"}],"about":[{"href":"https:\/\/flux.net.br\/inicio\/wp-json\/wp\/v2\/types\/page"}],"author":[{"embeddable":true,"href":"https:\/\/flux.net.br\/inicio\/wp-json\/wp\/v2\/users\/1"}],"replies":[{"embeddable":true,"href":"https:\/\/flux.net.br\/inicio\/wp-json\/wp\/v2\/comments?post=966"}],"version-history":[{"count":7,"href":"https:\/\/flux.net.br\/inicio\/wp-json\/wp\/v2\/pages\/966\/revisions"}],"predecessor-version":[{"id":973,"href":"https:\/\/flux.net.br\/inicio\/wp-json\/wp\/v2\/pages\/966\/revisions\/973"}],"wp:attachment":[{"href":"https:\/\/flux.net.br\/inicio\/wp-json\/wp\/v2\/media?parent=966"}],"curies":[{"name":"wp","href":"https:\/\/api.w.org\/{rel}","templated":true}]}}